605583?
1019, 2557
What are the prime factors of 56626?
2, 23, 1231
List the prime factors of 22985.
5, 4597
What are the prime factors of 282297?
3, 94099
List the prime factors of 10180292.
2, 2545073
List the prime factors of 1286184.
2, 3, 53591
What are the prime factors of 1782988?
2, 445747
What are the prime factors of 1107536?
2, 69221
List the prime factors of 5341975.
5, 107, 1997
What are the prime factors of 940553?
940553
What are the prime factors of 832200?
2, 3, 5, 19, 73
What are the prime factors of 7051939?
7051939
What are the prime factors of 426120?
2, 3, 5, 53, 67
What are the prime factors of 5884453?
5884453
What are the prime factors of 2116026?
2, 3, 11, 10687
What are the prime factors of 5112472?
2, 47, 13597
What are the prime factors of 581505?
3, 5, 38767
What are the prime factors of 7416666?
2, 3, 412037
What are the prime factors of 4554967?
4554967
List the prime factors of 5248251.
3, 583139
What are the prime factors of 3337148?
2, 834287
List the prime factors of 1745928.
2, 3, 59, 137
What are the prime factors of 6570852?
2, 3, 521, 1051
What are the prime factors of 6549807?
3, 11, 198479
List the prime factors of 339626.
2, 7, 17, 1427
List the prime factors of 822404.
2, 11, 18691
List the prime factors of 32011.
7, 17, 269
List the prime factors of 818593.
23, 35591
List the prime factors of 5283106.
2, 2641553
What are the prime factors of 342063?
3, 41, 103
List the prime factors of 957392.
2, 53, 1129
List the prime factors of 142415.
5, 7, 13, 313
What are the prime factors of 85119?
3, 17, 1669
List the prime factors of 3980769.
3, 13, 102071
What are the prime factors of 193097?
19, 10163
List the prime factors of 17867546.
2, 8933773
What are the prime factors of 819199?
191, 4289
List the prime factors of 339688.
2, 42461
What are the prime factors of 355528?
2, 19, 2339
What are the prime factors of 1937647?
223, 8689
What are the prime factors of 3830482?
2, 1915241
What are the prime factors of 9265956?
2, 3, 7, 47, 2347
List the prime factors of 1444809.
3, 29, 16607
What are the prime factors of 56352?
2, 3, 587
List the prime factors of 163348.
2, 97, 421
What are the prime factors of 897412?
2, 157, 1429
List the prime factors of 3706551.
3, 269, 1531
What are the prime factors of 284694?
2, 3, 23, 2063
List the prime factors of 2812025.
5, 112481
List the prime factors of 15838379.
29, 546151
What are the prime factors of 1730087?
1730087
What are the prime factors of 261305?
5, 11, 4751
List the prime factors of 1302575.
5, 52103
List the prime factors of 96085.
5, 11, 1747
What are the prime factors of 3129695?
5, 625939
What are the prime factors of 14429480?
2, 5, 13, 27749
What are the prime factors of 1358956?
2, 19, 17881
What are the prime factors of 666924?
2, 3, 149, 373
What are the prime factors of 2555819?
7, 53, 83
What are the prime factors of 20543175?
3, 5, 91303
List the prime factors of 24232954.
2, 3251, 3727
What are the prime factors of 3498538?
2, 1749269
List the prime factors of 5316982.
2, 11, 127, 173
What are the prime factors of 2297001?
3, 7, 89, 1229
What are the prime factors of 2587790?
2, 5, 258779
List the prime factors of 303911.
127, 2393
What are the prime factors of 1115249?
191, 5839
List the prime factors of 205760.
2, 5, 643
List the prime factors of 262795.
5, 13, 311
What are the prime factors of 44385?
3, 5, 11, 269
What are the prime factors of 234408?
2, 3, 9767
List the prime factors of 2120501.
1097, 1933
List the prime factors of 14610.
2, 3, 5, 487
List the prime factors of 282117.
3, 11, 83, 103
What are the prime factors of 800180?
2, 5, 40009
List the prime factors of 203068.
2, 50767
List the prime factors of 1538219.
53, 29023
What are the prime factors of 191592?
2, 3, 887
List the prime factors of 18973582.
2, 331, 28661
List the prime factors of 212631.
3, 70877
What are the prime factors of 72564?
2, 3, 6047
List the prime factors of 3518456.
2, 17, 41, 631
What are the prime factors of 13749940?
2, 5, 17, 37, 1093
What are the prime factors of 7775406?
2, 3, 109, 1321
List the prime factors of 11754977.
13, 19, 47591
List the prime factors of 2884355.
5, 733, 787
What are the prime factors of 43355195?
5, 13, 313, 2131
What are the prime factors of 9571790?
2, 5, 103, 9293
What are the prime factors of 249820?
2, 5, 12491
List the prime factors of 1028663.
1028663
What are the prime factors of 5059164?
2, 3, 11, 38327
List the prime factors of 2471004.
2, 3, 68639
What are the prime factors of 10816689?
3, 13, 337, 823
What are the prime factors of 8652437?
167, 197, 263
List the prime factors of 162756.
2, 3, 11, 137
List the prime factors of 7767265.
5, 11, 141223
List the prime factors of 121626.
2, 3, 29, 233
List the prime factors of 267618.
2, 3, 13, 47, 73
List the prime factors of 41233503.
3, 23, 31, 37, 521
List the prime factors of 5164396.
2, 17, 173, 439
List the prime factors of 6464087.
7, 923441
List the prime factors of 11243517.
3, 79, 47441
List the prime factors of 3674987.
211, 17417
What are the prime factors of 609122?
2, 304561
List the prime factors of 323670.
2, 3, 5, 10789
List the prime factors of 8207.
29, 283
What are the prime factors of 236088?
2, 3, 1093
What are the prime factors of 2175622?
2, 1087811
What are the prime factors of 487404?
2, 3, 4513
List the prime factors of 114821.
7, 47, 349
List the prime factors of 30124106.
2, 15062053
List the prime factors of 67817.
73, 929
List the prime factors of 11745938.
2, 5872969
List the prime factors of 4689996.
2, 3, 29, 13477
List the prime factors of 1238407.
1238407
What are the prime factors of 3340854?
2, 3, 11, 47, 359
What are the prime factors of 1039156?
2, 71, 3659
List the prime factors of 744060.
2, 3, 5, 12401
What are the prime factors of 143521?
7, 29, 101
List the prime factors of 199561.
197, 1013
List the prime factors of 460032.
2, 3, 599
List the prime factors of 4490916.
2, 3, 19, 19697
What are the prime factors of 834263?
127, 6569
List the prime factors of 555215.
5, 111043
List the prime factors of 49272.
2, 3, 2053
What are the prime factors of 452269?
452269
List the prime factors of 112809.
3, 31, 1213
What are the prime factors of 1685790?
2, 3, 5, 18731
List the prime factors of 722712.
2, 3, 30113
List the prime factors of 11572930.
2, 5, 1157293
List the prime factors of 4796052.
2, 3, 23, 17377
List the prime factors of 6681641.
43, 155387
What are the prime factors of 75140?
2, 5, 13, 17
What are the prime factors of 21245349?
3, 7081783
What are the prime factors of 7258608?
2, 3, 7, 19, 379
What are the prime factors of 2572414?
2, 13, 98939
List the prime factors of 5758452.
2, 3, 7, 2539
List the prime factors of 1869.
3, 7, 89
What are the prime factors of 2108703?
3, 571, 1231
List the prime factors of 812441.
7, 277, 419
List the prime factors of 21518594.
2, 317, 33941
List the prime factors of 17047113.
3, 5682371
List the prime factors of 283116.
2, 3, 23593
What are the prime factors of 3483993?
3, 1161331
List the prime factors of 5360111.
5360111
List the prime factors of 19512927.
3, 7, 43
What are the prime factors of 3658302?
2, 3, 167, 1217
List the prime factors of 1465334.
2, 13, 56359
What are the prime factors of 9416814?
2, 3, 11, 61, 2339
List the prime factors of 68093.
149, 457
What are the prime factors of 1075105?
5, 53, 4057
List the prime factors of 4439120.
2, 5, 7, 7927
What are the prime factors of 23841628?
2, 2131, 2797
What are the prime factors of 100573?
11, 41, 223
What are the prime factors of 912093?
3, 7, 13, 257
What are the prime factors of 21613373?
47, 79, 5821
List the prime factors of 21399066.
2, 3, 13, 1129
List the prime factors of 983907.
3, 4049
What are the prime factors of 1714139?
7, 244877
List the prime factors of 1191867.
3, 397289
List the prime factors of 114405.
3, 5, 29, 263
List the prime factors of 3978308.
2, 173, 5749
List the prime factors of 14435806.
2, 7, 11, 93739
List the prime factors of 55387.
97, 571
List the prime factors of 1786586.
2, 89, 10037
What are the prime factors of 250394?
2, 125197
List the prime factors of 16760044.
2, 7, 619, 967
What are the prime factors of 198927?
3, 23, 31
What are the prime factors of 99449